{"id":20,"date":"2025-10-26T13:24:52","date_gmt":"2025-10-26T13:24:52","guid":{"rendered":"https:\/\/mmesec.mojweb.com.hr\/index.php\/naslovnica\/"},"modified":"2025-10-28T18:38:49","modified_gmt":"2025-10-28T18:38:49","slug":"naslovnica","status":"publish","type":"page","link":"https:\/\/mmesec.mojweb.com.hr\/","title":{"rendered":"Naslovnica"},"content":{"rendered":"\t\t<div data-elementor-type=\"wp-page\" data-elementor-id=\"20\" class=\"elementor elementor-20\">\n\t\t\t\t<div class=\"elementor-element elementor-element-8f2c9da e-flex e-con-boxed e-con e-parent\" data-id=\"8f2c9da\" data-element_type=\"container\" data-settings=\"{&quot;background_background&quot;:&quot;classic&quot;}\">\n\t\t\t\t\t<div class=\"e-con-inner\">\n\t\t<div class=\"elementor-element elementor-element-0880eb0 e-con-full e-flex e-con e-child\" data-id=\"0880eb0\" data-element_type=\"container\">\n\t\t\t\t<\/div>\n\t\t<div class=\"elementor-element elementor-element-98b48e3 e-con-full e-flex e-con e-child\" data-id=\"98b48e3\" data-element_type=\"container\">\n\t\t\t\t<\/div>\n\t\t<div class=\"elementor-element elementor-element-5971cb9 e-con-full e-flex e-con e-child\" data-id=\"5971cb9\" data-element_type=\"container\">\n\t\t\t\t<div class=\"elementor-element elementor-element-2e91724 elementor-widget elementor-widget-heading\" data-id=\"2e91724\" data-element_type=\"widget\" data-widget_type=\"heading.default\">\n\t\t\t\t\t<h2 class=\"elementor-heading-title elementor-size-default\">Upoznajte se sa zelenim svijetom!<\/h2>\t\t\t\t<\/div>\n\t\t\t\t<div class=\"elementor-element elementor-element-7da6443 elementor-widget elementor-widget-text-editor\" data-id=\"7da6443\" data-element_type=\"widget\" data-widget_type=\"text-editor.default\">\n\t\t\t\t\t\t\t\t\t<p>Dobrodo\u0161li na na\u0161u stranicu! Ovdje dijelimo ljubav prema biljkama i prirodi. Pove\u017eite se s nama, postavite pitanja ili podijelite svoje iskustvo. Uvijek smo tu za vas i veselimo se va\u0161em upitima i iskustvima.<\/p>\t\t\t\t\t\t\t\t<\/div>\n\t\t\t\t<\/div>\n\t\t\t\t\t<\/div>\n\t\t\t\t<\/div>\n\t\t<div class=\"elementor-element elementor-element-89738b1 e-flex e-con-boxed e-con e-parent\" data-id=\"89738b1\" data-element_type=\"container\">\n\t\t\t\t\t<div class=\"e-con-inner\">\n\t\t<div class=\"elementor-element elementor-element-7a4e04a e-con-full e-flex e-con e-child\" data-id=\"7a4e04a\" data-element_type=\"container\">\n\t\t\t\t<div class=\"elementor-element elementor-element-4161ab6 elementor-widget elementor-widget-heading\" data-id=\"4161ab6\" data-element_type=\"widget\" data-widget_type=\"heading.default\">\n\t\t\t\t\t<h4 class=\"elementor-heading-title elementor-size-default\">Na\u0161a misija i vizija<\/h4>\t\t\t\t<\/div>\n\t\t\t\t<div class=\"elementor-element elementor-element-7a63848 elementor-widget elementor-widget-text-editor\" data-id=\"7a63848\" data-element_type=\"widget\" data-widget_type=\"text-editor.default\">\n\t\t\t\t\t\t\t\t\t<p>\u017delimo educirati i inspirirati ljubitelje biljaka da rastu zajedno sa svojim biljkama.<\/p>\t\t\t\t\t\t\t\t<\/div>\n\t\t\t\t<\/div>\n\t\t<div class=\"elementor-element elementor-element-b40ef71 e-con-full e-flex e-con e-child\" data-id=\"b40ef71\" data-element_type=\"container\">\n\t\t\t\t<div class=\"elementor-element elementor-element-793bb78 elementor-widget elementor-widget-heading\" data-id=\"793bb78\" data-element_type=\"widget\" data-widget_type=\"heading.default\">\n\t\t\t\t\t<h4 class=\"elementor-heading-title elementor-size-default\">Na\u0161i ciljevi<\/h4>\t\t\t\t<\/div>\n\t\t\t\t<div class=\"elementor-element elementor-element-a81e2b6 elementor-widget elementor-widget-text-editor\" data-id=\"a81e2b6\" data-element_type=\"widget\" data-widget_type=\"text-editor.default\">\n\t\t\t\t\t\t\t\t\t<p>Na\u0161 cilj je stvarati zajednicu koja dijeli strast prema biljkama i razmjenjuje znanja. Poma\u017eemo vam da prona\u0111ete potrebne informacije, alate i sredstva za uzgoj vlastitog &#8220;zelenog raja&#8221;.<\/p>\t\t\t\t\t\t\t\t<\/div>\n\t\t\t\t<\/div>\n\t\t<div class=\"elementor-element elementor-element-e66d6b4 e-con-full e-flex e-con e-child\" data-id=\"e66d6b4\" data-element_type=\"container\">\n\t\t\t\t<div class=\"elementor-element elementor-element-d36d574 elementor-widget elementor-widget-heading\" data-id=\"d36d574\" data-element_type=\"widget\" data-widget_type=\"heading.default\">\n\t\t\t\t\t<h4 class=\"elementor-heading-title elementor-size-default\">Na\u0161e vrijednosti<\/h4>\t\t\t\t<\/div>\n\t\t\t\t<div class=\"elementor-element elementor-element-d0bcc84 elementor-widget elementor-widget-text-editor\" data-id=\"d0bcc84\" data-element_type=\"widget\" data-widget_type=\"text-editor.default\">\n\t\t\t\t\t\t\t\t\t<p>Vjerujemo u entuzijazam i strast prema biljkama. \u017delimo pru\u017eiti inspiraciju i znanje svakome tko se \u017eeli isku\u0161ati ili pobolj\u0161ati svoje vje\u0161tine u uzgoju biljaka.<\/p>\t\t\t\t\t\t\t\t<\/div>\n\t\t\t\t<\/div>\n\t\t\t\t\t<\/div>\n\t\t\t\t<\/div>\n\t\t<div class=\"elementor-element elementor-element-c0b70cd e-flex e-con-boxed e-con e-parent\" data-id=\"c0b70cd\" data-element_type=\"container\" data-settings=\"{&quot;background_background&quot;:&quot;classic&quot;}\">\n\t\t\t\t\t<div class=\"e-con-inner\">\n\t\t<div class=\"elementor-element elementor-element-0025053 e-con-full e-flex e-con e-child\" data-id=\"0025053\" data-element_type=\"container\">\n\t\t<div class=\"elementor-element elementor-element-686c375 e-con-full e-flex e-con e-child\" data-id=\"686c375\" data-element_type=\"container\">\n\t\t\t\t<div class=\"elementor-element elementor-element-7cb3042 elementor-widget elementor-widget-heading\" data-id=\"7cb3042\" data-element_type=\"widget\" data-widget_type=\"heading.default\">\n\t\t\t\t\t<h3 class=\"elementor-heading-title elementor-size-default\">Usluga savjetovanja<\/h3>\t\t\t\t<\/div>\n\t\t\t\t<div class=\"elementor-element elementor-element-8416072 elementor-widget elementor-widget-text-editor\" data-id=\"8416072\" data-element_type=\"widget\" data-widget_type=\"text-editor.default\">\n\t\t\t\t\t\t\t\t\t<p>Imate pitanja o uzgoju biljaka ili jednostavno niste sigurni koja biljka bi vam najbolje odgovarala? Nudimo vam savjetovanja kako bi vam olak\u0161ali brigu o va\u0161im zelenim ljubimcima i imali vi\u0161e vremena za u\u017eivanje u njima!<\/p>\t\t\t\t\t\t\t\t<\/div>\n\t\t\t\t<\/div>\n\t\t<div class=\"elementor-element elementor-element-61065d3 e-con-full e-flex e-con e-child\" data-id=\"61065d3\" data-element_type=\"container\">\n\t\t\t\t<div class=\"elementor-element elementor-element-17811fe elementor-align-sredina elementor-widget__width-inherit elementor-widget elementor-widget-button\" data-id=\"17811fe\" data-element_type=\"widget\" data-widget_type=\"button.default\">\n\t\t\t\t\t\t\t\t\t\t<a class=\"elementor-button elementor-button-link elementor-size-sm\" href=\"#\">\n\t\t\t\t\t\t<span class=\"elementor-button-content-wrapper\">\n\t\t\t\t\t\t\t\t\t<span class=\"elementor-button-text\">Saznaj vi\u0161e &gt;<\/span>\n\t\t\t\t\t<\/span>\n\t\t\t\t\t<\/a>\n\t\t\t\t\t\t\t\t<\/div>\n\t\t\t\t<\/div>\n\t\t\t\t<\/div>\n\t\t<div class=\"elementor-element elementor-element-d0416b4 e-con-full e-flex e-con e-child\" data-id=\"d0416b4\" data-element_type=\"container\">\n\t\t<div class=\"elementor-element elementor-element-86fc408 e-con-full e-flex e-con e-child\" data-id=\"86fc408\" data-element_type=\"container\">\n\t\t\t\t<div class=\"elementor-element elementor-element-8e3be1b elementor-widget elementor-widget-heading\" data-id=\"8e3be1b\" data-element_type=\"widget\" data-widget_type=\"heading.default\">\n\t\t\t\t\t<h3 class=\"elementor-heading-title elementor-size-default\">Usluga presa\u0111ivanja<\/h3>\t\t\t\t<\/div>\n\t\t\t\t<div class=\"elementor-element elementor-element-b0e3f37 elementor-widget elementor-widget-text-editor\" data-id=\"b0e3f37\" data-element_type=\"widget\" data-widget_type=\"text-editor.default\">\n\t\t\t\t\t\t\t\t\t<p>Vrijeme je za presa\u0111ivanje biljaka, ali niste sigurni koja veli\u010dina tegle ili vrsta supstrata vam trebaju? Ili mo\u017eda jednostavno nemate vremena? Dovedite biljke k nama i mi \u0107emo ih presaditi za vas.<\/p>\t\t\t\t\t\t\t\t<\/div>\n\t\t\t\t<\/div>\n\t\t<div class=\"elementor-element elementor-element-6758a4b e-con-full e-flex e-con e-child\" data-id=\"6758a4b\" data-element_type=\"container\">\n\t\t\t\t<div class=\"elementor-element elementor-element-e7bc966 elementor-align-sredina elementor-widget__width-inherit elementor-widget elementor-widget-button\" data-id=\"e7bc966\" data-element_type=\"widget\" data-widget_type=\"button.default\">\n\t\t\t\t\t\t\t\t\t\t<a class=\"elementor-button elementor-button-link elementor-size-sm\" href=\"#\">\n\t\t\t\t\t\t<span class=\"elementor-button-content-wrapper\">\n\t\t\t\t\t\t\t\t\t<span class=\"elementor-button-text\">Saznaj vi\u0161e &gt;<\/span>\n\t\t\t\t\t<\/span>\n\t\t\t\t\t<\/a>\n\t\t\t\t\t\t\t\t<\/div>\n\t\t\t\t<\/div>\n\t\t\t\t<\/div>\n\t\t<div class=\"elementor-element elementor-element-1b3f053 e-con-full e-flex e-con e-child\" data-id=\"1b3f053\" data-element_type=\"container\">\n\t\t<div class=\"elementor-element elementor-element-d396945 e-con-full e-flex e-con e-child\" data-id=\"d396945\" data-element_type=\"container\">\n\t\t\t\t<div class=\"elementor-element elementor-element-490f2b0 elementor-widget elementor-widget-heading\" data-id=\"490f2b0\" data-element_type=\"widget\" data-widget_type=\"heading.default\">\n\t\t\t\t\t<h3 class=\"elementor-heading-title elementor-size-default\">Usluga zalijevanja<\/h3>\t\t\t\t<\/div>\n\t\t\t\t<div class=\"elementor-element elementor-element-f2c130d elementor-widget elementor-widget-text-editor\" data-id=\"f2c130d\" data-element_type=\"widget\" data-widget_type=\"text-editor.default\">\n\t\t\t\t\t\t\t\t\t<p>Imate poslovni prostor koji biste htjeli obogatiti biljkama, ali ih nema tko zalijevati? idete na ljetovanje, ali nemate kome prepustiti svoje biljke? Javite nam se i mi \u0107emo ih zalijevati i brinuti se o njima dok vas nema.<\/p>\t\t\t\t\t\t\t\t<\/div>\n\t\t\t\t<\/div>\n\t\t<div class=\"elementor-element elementor-element-d3cdbed e-con-full e-flex e-con e-child\" data-id=\"d3cdbed\" data-element_type=\"container\">\n\t\t\t\t<div class=\"elementor-element elementor-element-d1c3ffe elementor-align-sredina elementor-widget__width-inherit elementor-widget elementor-widget-button\" data-id=\"d1c3ffe\" data-element_type=\"widget\" data-widget_type=\"button.default\">\n\t\t\t\t\t\t\t\t\t\t<a class=\"elementor-button elementor-button-link elementor-size-sm\" href=\"#\">\n\t\t\t\t\t\t<span class=\"elementor-button-content-wrapper\">\n\t\t\t\t\t\t\t\t\t<span class=\"elementor-button-text\">Saznaj vi\u0161e &gt;<\/span>\n\t\t\t\t\t<\/span>\n\t\t\t\t\t<\/a>\n\t\t\t\t\t\t\t\t<\/div>\n\t\t\t\t<\/div>\n\t\t\t\t<\/div>\n\t\t\t\t\t<\/div>\n\t\t\t\t<\/div>\n\t\t\t\t<\/div>\n\t\t","protected":false},"excerpt":{"rendered":"<p>Upoznajte se sa zelenim svijetom! Dobrodo\u0161li na na\u0161u stranicu! Ovdje dijelimo ljubav prema biljkama i prirodi. Pove\u017eite se s nama, postavite pitanja ili podijelite svoje iskustvo. Uvijek smo tu za vas i veselimo se va\u0161em upitima i iskustvima. Na\u0161a misija i vizija \u017delimo educirati i inspirirati ljubitelje biljaka da rastu zajedno sa svojim biljkama. Na\u0161i [&hellip;]<\/p>\n","protected":false},"author":1,"featured_media":0,"parent":0,"menu_order":0,"comment_status":"closed","ping_status":"closed","template":"","meta":{"footnotes":""},"class_list":["post-20","page","type-page","status-publish","hentry"],"_links":{"self":[{"href":"https:\/\/mmesec.mojweb.com.hr\/index.php\/wp-json\/wp\/v2\/pages\/20","targetHints":{"allow":["GET"]}}],"collection":[{"href":"https:\/\/mmesec.mojweb.com.hr\/index.php\/wp-json\/wp\/v2\/pages"}],"about":[{"href":"https:\/\/mmesec.mojweb.com.hr\/index.php\/wp-json\/wp\/v2\/types\/page"}],"author":[{"embeddable":true,"href":"https:\/\/mmesec.mojweb.com.hr\/index.php\/wp-json\/wp\/v2\/users\/1"}],"replies":[{"embeddable":true,"href":"https:\/\/mmesec.mojweb.com.hr\/index.php\/wp-json\/wp\/v2\/comments?post=20"}],"version-history":[{"count":46,"href":"https:\/\/mmesec.mojweb.com.hr\/index.php\/wp-json\/wp\/v2\/pages\/20\/revisions"}],"predecessor-version":[{"id":253,"href":"https:\/\/mmesec.mojweb.com.hr\/index.php\/wp-json\/wp\/v2\/pages\/20\/revisions\/253"}],"wp:attachment":[{"href":"https:\/\/mmesec.mojweb.com.hr\/index.php\/wp-json\/wp\/v2\/media?parent=20"}],"curies":[{"name":"wp","href":"https:\/\/api.w.org\/{rel}","templated":true}]}}